 93. Let r be g(-5). Calculate the highest common factor of 4118 and r.
29
Suppose -3*d = 3*r - 204, -r - d = -2*d - 64. What is the highest common factor of 33 and r?
33
Let s(i) = -i**3 - 18*i**2 + 68*i + 603. Let b be s(-20). What is the highest common factor of 36163 and b?
43
Suppose -d - 7 = 0, -z + 1435 + 12636 = -4*d. What is the highest common factor of z and 31?
31
Let t be 0 + 1 - (3 - 18). Let w = 324 - 150. Let f = w - 134. Calculate the greatest common factor of t and f.
8
Let i = -5412 - -6222. What is the greatest common factor of 360 and i?
90
Suppose 19*k - 332 = 1738 + 3573. What is the highest common factor of 1980 and k?
99
Let f = -2 - -6. Suppose 0 = -c + 10 - 11, -4*w - f*c = -40. What is the highest common factor of w and 121?
11
Suppose -264 = -2*v - 3*k + 152, 4*v - 3*k - 868 = 0. Calculate the highest common divisor of 6 and v.
2
Suppose -3*d + 1674 = -3*h + 5*h, 0 = 5*d + 4*h - 2790. Let v = d - 350. Calculate the highest common factor of 52 and v.
52
Suppose -5*c + 40 = -c. Let v = c + 9. Let x = 664 - 626. Calculate the greatest common factor of x and v.
19
Let d = 887 + -907. Let c be (-5704)/d - (16/(-20) - -1). Calculate the greatest common divisor of c and 30.
15
Let d be (364/(-3))/((-3)/(-6)*30/(-225)). Calculate the highest common divisor of 112 and d.
28
Suppose 0 = -240*o + 247*o - 98. Suppose -309 = -o*y + 321. What is the highest common factor of y and 180?
45
Let m(z) = -3*z**2 + 23*z - 30. Let c be m(4). Calculate the greatest common factor of 854 and c.
14
Let b be (-21 + 4118)*(2 - 1). What is the highest common factor of b and 723?
241
Let u = 6782 + -6616. Calculate the greatest common factor of u and 7138.
166
Let t = 70 - 44. Let l(c) = -2*c**3 + 109*c**2 - 355*c - 101. Let g be l(51). What is the greatest common divisor of g and t?
1
Let f(k) = 5*k**2 + 3*k - 13*k**2 + 4*k**2 - 10 + 3*k**3 - 2*k**3. Let t be f(4). Suppose t*r - 17 = 43. Calculate the greatest common divisor of r and 75.
15
Suppose 5*o - 4975 = -5*c, -51*c + 53*c + 4*o - 1996 = 0. Calculate the highest common divisor of c and 93.
31
Suppose 101*m - 97*m - 36 = -v, 28 = v + 2*m. What is the highest common divisor of 85 and v?
5
Let g(o) be the third derivative of -281*o**4/24 - 17*o**3/2 - 5*o**2 + 18. Let l be g(-3). Calculate the greatest common divisor of 33 and l.
33
Let b be -1 + 6 - (-6 + -448). Calculate the highest common divisor of 135 and b.
27
Let q(s) be the third derivative of -5*s**4/12 - 10*s**3/3 + 2*s**2 - 5*s. Let r be q(-3). What is the greatest common factor of r and 8?
2
Suppose -4*r + 9 = -3*w - 22, 4*w = -20. Suppose 5*j = r*j + 9. Calculate the highest common factor of 6 and j.
3
Let s be (-3*(-34)/3)/(5/60). Let i = 435 - s. Calculate the greatest common factor of i and 15.
3
Let u(z) = 11*z - 14. Let h be u(-8). Let d = 120 + h. Calculate the highest common factor of 63 and d.
9
Suppose -124*a - 101*a + 147552 = -13*a. Calculate the highest common divisor of 783 and a.
87
Let z be 1/3 - (-155)/93. Let m be (z/(-4))/(11/(-198)). Calculate the greatest common divisor of m and 117.
9
Let g(w) = -137 + 116 + 2*w**2 + 17*w - 22*w. Let h be g(-6). What is the greatest common divisor of 3 and h?
3
Suppose -v = 2 - 3. Let u = 325 - 196. Suppose u = 8*w + 73. Calculate the greatest common factor of w and v.
1
Let k(m) = -54*m**2 + 97*m**2 - 2*m - m - 1. Let v be k(-1). Let s(j) = j**3 + 9*j**2 + 9. Let p be s(-9). What is the highest common factor of v and p?
9
Let o be (-32 + 748/119)/((-6)/28). What is the highest common factor of o and 5352?
24
Let r = 22 - 13. Let f(h) = 9*h - 45. Let z(k) = -8*k - 5. Let m be z(-2). Let q be f(m). What is the greatest common divisor of q and r?
9
Let x be (-44)/(-1)*5/(-20)*16/(-8). Suppose 2*w + 605 = 7*w. What is the highest common divisor of x and w?
11
Suppose 4*a + 2*z + z - 702 = 0, 3*z = -a + 180. Let t = 22529 - 22523. Calculate the greatest common divisor of a and t.
6
Let j = -129 - -143. Let b be (-4 + (-1 - -4))*-127. Let y = -57 + b. What is the highest common factor of j and y?
14
Suppose 2*z = 4*h - 322, -12*h + 231 = -9*h - 5*z. Calculate the highest common divisor of 369 and h.
41
Suppose 3*p - 18602 = -2*b, b + 134*p - 9279 = 138*p. Calculate the highest common factor of b and 220.
55
Let r(h) = 11*h - 12. Let t be r(9). Let c be (t/(-2))/(-3)*(-64)/(-8). Let q be (-1)/3*(-1 - c) + 3. Calculate the highest common factor of 378 and q.
42
Let a = 45 - 43. Suppose a*h - 86 = -4*t, t + 171 = 5*h - 0*t. What is the highest common factor of h and 10?
5
Suppose 3*w + a + 0 + 6 = 0, 4 = -2*w + 4*a. Let b be ((-9)/3 + 7)/(w/(-5)). Suppose -h = -298 - b. Calculate the greatest common factor of h and 28.
28
Let l = -470 + 490. What is the highest common divisor of 532 and l?
4
Let k(u) = u**3 + 21*u**2 - 21*u + 182. Let d be k(-22). What is the highest common factor of d and 600?
40
Let q be 2 + -5 + (1 - (0 - 4)). Suppose 5*d + n - 26 = 0, -4*d = -q*n - 6 - 12. Suppose 0 = -d*t + 66 + 49. Calculate the highest common factor of t and 184.
23
Let q(c) = 2*c**3 + 14*c**2 + 9*c + 2. Let w be q(-6). Suppose 2*d - 54 = 2*i, -5*d - 3*i + 103 = -56. What is the greatest common factor of d and w?
10
Let p(v) = 2*v**2 - 5*v - 4. Let u be p(5). Let a be -2*(13 + (-246)/12). Let w = a + u. What is the greatest common factor of w and 24?
12
Suppose t - 93 = -5*k, 5*k - 297 = 2*t - 6*t. Let z = t - 60. What is the highest common divisor of z and 72?
8
Suppose 51*z - 52 = -4*w + 55*z, 59 = 3*w + 2*z. Let n be (-4)/16 + -33*w/(-4). Calculate the greatest common divisor of n and 28.
28
Let r = -3001 - -3178. What is the highest common divisor of 59 and r?
59
Suppose 13*r = p + 9*r + 28, -p = 4*r - 12. Let f(y) = y**3 + 9*y**2 - y - 27. Let h be f(p). What is the highest common factor of h and 45?
45
Let o = -411 - -426. Suppose -7*j = -o*j + 152. Let h be (-2)/4 + (-915)/(-6). What is the greatest common factor of h and j?
19
Let z(m) = m**3 - 30*m**2 - 168*m - 29. Let t be z(35). Suppose 0 = -h - 2*h + 12. What is the greatest common factor of h and t?
4
Let q be (-1620)/(-5) + (-41 - -53). Calculate the greatest common divisor of q and 144.
48
Let l = -751 - -766. Let k be (0*2/6)/(-2). Suppose k*r = -r + 5*c + 85, 4*r = -2*c + 230. What is the highest common factor of l and r?
15
Let r = 16699 - 15547. Calculate the greatest common factor of 342 and r.
18
Let p be (50/(-25))/(2/(-4)). Suppose -2*m - 153 = -p*u + 3*m, 0 = -4*u - 5*m + 103. What is the highest common factor of 96 and u?
32
Let c be 2/(-3) + 0 + 14/3. Suppose -50 = -2*m + 2*r, m - c*r = r + 29. What is the greatest common factor of m and 132?
12
Let p be (-6)/(-16) + 10653/(-106)*84/(-16). Calculate the highest common divisor of p and 736.
16
Let x be 9*23*((-385)/(-15) - 18). Calculate the greatest common divisor of 276 and x.
69
Let a = 2363 - 781. Suppose -67*v = -81*v + a. Calculate the greatest common factor of v and 1.
1
Let i = 221 + -148. Let f = -267 + 391. Let c = f - i. Calculate the highest common factor of c and 34.
17
Let s = -21189 + 21275. What is the greatest common factor of s and 5891?
43
Let c = -15978 - -16314. Calculate the greatest common factor of c and 15624.
168
Suppose -2*x + u = -235, 2 = u - 3*u. Let g be (2*2/(-4))/((-117)/x). Calculate the greatest common factor of 31 and g.
1
Let b = -39 - -39. Suppose -5*t + 15 = b, -z - 23 + 5 = -t. Let w be ((-80)/12)/(-1 - 13/z). What is the highest common factor of w and 20?
10
Suppose 30*z - 13390 - 19550 = 0. Calculate the greatest common divisor of z and 18.
18
Let a be (222 - (4 - 2) - -2)*(-310)/(-20). Calculate the greatest common divisor of 333 and a.
111
Let r = -2404 - -2533. Calculate the highest common factor of 24 and r.
3
Suppose 26*v - 1314 = -18*v + 38*v. What is the greatest common factor of 48 and v?
3
Let f(d) = -2265*d - 2157. Let z be f(-1). Let l(v) = -41*v - 3. Let y be l(-3). Calculate the greatest common divisor of y and z.
12
Suppose m = 5*m + 12, -2*y = -3*m - 31. Let s = 10 - y. Let w be 35*(s/(-15) + (-7)/(-21)). What is the greatest common divisor of w and 14?
14
Let a be (-71)/(-3) + 2/(-3)*1. Let c = a - 11. Suppose -4*o + 144 = -5*x, -4*o + x - 6 = -150. Calculate the greatest common divisor of c and o.
12
Let